5*c, -2*c - 132 = -g - 26. Suppose 0 = 6*y - 10*y + g. What is the tens digit of y?
2
Suppose 0 = 3*z - 6 + 9. Let h be (-4 + -1)/z*-5. Let m = h - -71. What is the tens digit of m?
4
Suppose -8*p - 31*p + 48516 = 0. What is the units digit of p?
4
Suppose 2*t - 12 = -4. Let w(l) = -l**3 + 7*l**2 + 3*l - 3. Let p be w(5). Suppose -t*f + p = -22. What is the tens digit of f?
2
Let b(t) be the first derivative of -7*t**2/2 - 23*t + 4. What is the units digit of b(-12)?
1
Let q(w) be the third derivative of -w**5/20 - w**4/4 - 11*w**3/6 + w**2. Let s be q(-6). What is the tens digit of 26/65 + s/(-5)?
1
Suppose 2*z = 856 + 658. What is the units digit of z?
7
Let x(d) = d**2 + 1. Let h(y) = 10*y**2 + 4*y + 6. Let z(a) = h(a) - 5*x(a). What is the units digit of z(5)?
6
Let r(l) = -l**2 - l. Let t be r(0). Suppose n - 1 = -3*s, t = -5*s - 4*n - 15 + 5. Suppose -s*b = -5*u - 64, -9 = 5*u + 11. What is the units digit of b?
2
Suppose -4*g - 40 = -8*g. Let t(n) = 0 + g*n - 9*n**2 + 12*n**2 + 1 + 0. What is the units digit of t(-4)?
9
Let w = -574 - -345. Let t = -161 - w. What is the tens digit of t?
6
What is the hundreds digit of ((-24)/9)/1*(-216 + 18)?
5
Suppose 24*q - 520 = -2*q. What is the units digit of q?
0
Let q(y) = y**2 - 40*y - 71. What is the tens digit of q(-19)?
5
Let j(c) = -664*c - 113. What is the hundreds digit of j(-2)?
2
Suppose 357 = 3*g - 4*y - 95, -4*g + 644 = 5*y. What is the units digit of g?
6
Let l(s) = 2*s - 3. Let h = -14 - -16. Let m be l(h). What is the tens digit of -11 + 14 - (-32)/m?
3
Let l = 10 + -5. Suppose -3*d = l*v - 70, 0 = -v - 3*v - d + 56. Suppose 0 = -s + 48 - v. What is the units digit of s?
4
Let f be 104/36*-3 - (-4)/6. Let x(z) = z**2 + 6*z + 8. What is the tens digit of x(f)?
2
Let h be -3*((-32)/(-12) - 0). What is the units digit of (-10 - h)/((-4)/58) - -3?
2
Let w(s) = -s - 4. Let t(h) = 1. Let p(z) = -6*t(z) - w(z). Let l be p(6). Suppose y = -2*b + 2 + 50, 0 = -l*b - 3*y + 100. What is the tens digit of b?
2
Let y = 3265 + -396. What is the tens digit of y?
6
What is the tens digit of (5758/10)/(10/50)?
7
Let l be (-204)/(-3) - (2 + 2). Let d = l + 49. What is the units digit of d?
3
Let t(l) = 5*l**2 + 14*l + 13. Suppose -7 = 4*a + 29. What is the hundreds digit of t(a)?
2
Let t be 50/13 + (-20)/(-130). Suppose t*h + 0*l - l = 24, -2*h = -4*l + 2. Let z(p) = -p**2 + 8*p + 12. What is the units digit of z(h)?
9
Suppose 0 = 3*m + 2*q - 4677, -5*m - q + 193 + 7602 = 0. What is the units digit of m?
9
Suppose 26687 = 11*w - 18820. What is the tens digit of w?
3
Let q(d) = 2*d - 3. Let j(r) = r - 3. Let p(n) = -5*j(n) + 6*q(n). What is the units digit of p(22)?
1
Suppose -4*c = -3*b - 3918, -4*c + 9*b + 3922 = 8*b. What is the tens digit of c?
8
Suppose 174 + 12 = u. What is the units digit of u?
6
Suppose 2*w = w + 61. Suppose 4*a - 11 - w = 0. What is the tens digit of a?
1
Let k(s) = 288*s**2 + 38*s - 158. What is the hundreds digit of k(4)?
6
Let a be (-2)/(-3)*(-3 - 0). Let k(p) = -6*p - 6*p + 18 + 5 - 27. What is the tens digit of k(a)?
2
Suppose -c = -3*c + 38. Suppose 0 = 4*m + 5*y - 7, m - 3*m - 5*y = -11. Let o = m + c. What is the units digit of o?
7
Let o(f) = 20*f - 3. Suppose 5*k + 3 = 8. What is the tens digit of o(k)?
1
Suppose 4 - 8 = -4*o. Let k = -37 - o. What is the units digit of (-2)/3 - k/3?
2
Let t be 1372/(-6) - (-4)/(-12). Let s = -120 - t. What is the units digit of s?
9
Suppose 0 = -16*r + 5653 - 597. What is the hundreds digit of r?
3
Suppose 101*c + 189 = 102*c. What is the hundreds digit of c?
1
Suppose -449635 - 7745 = -135*a. What is the hundreds digit of a?
3
Let i = 20 - 15. Suppose -r = i*j - 127, -3*r + 0*j + 347 = -2*j. What is the tens digit of r?
1
What is the units digit of (8/16)/(4/10088)?
1
Let a(z) = 60*z**3 - z**2 + 2*z - 1. What is the thousands digit of a(3)?
1
Suppose 4*k - 15 = 25. Suppose 4*n = -2*w + k, -6 - 4 = -3*n - 4*w. What is the tens digit of 14/(n/6*3)?
1
What is the units digit of ((-3)/2)/(5/(-1290)*3)?
9
Let c = 81 - 276. Let r = c + 393. What is the units digit of r?
8
Let a = -27 - -22. Let n be (-48)/(-120) + 262/a. Let p = n + 129. What is the units digit of p?
7
What is the hundreds digit of 921072/217 - 8/14?
2
Let m be (0 - 1)/((-13)/247). Let b = m + 29. What is the units digit of b?
8
Let n be 8 - 2*(4 + -2). Suppose -k - 5*c = -4*k + 187, n*c = -4*k + 196. What is the units digit of k?
4
Suppose -8*r + 5*r + 312 = 0. Let k = 149 - r. Suppose 0 = 4*g + g - k. What is the units digit of g?
9
Let l = 1761 + 1736. What is the thousands digit of l?
3
What is the hundreds digit of ((-7957)/(-7) - -2) + 16/56?
1
Let p = -11 - -11. Suppose p = -o + 11 - 1. What is the tens digit of o?
1
Suppose -4 = -7*h + 31. Let z(g) = g**3 - g**2 + 4*g + 11. What is the units digit of z(h)?
1
Let j be -2 - 31 - 1/1. Let x = j - -82. Suppose 0*l = -4*l + x. What is the units digit of l?
2
Suppose 0 = -3*f - q + 754, -5*q = -4*f + 135 + 864. Suppose -5*m = 2*i - f, 3*i - 4*m - 364 = m. What is the units digit of i?
3
What is the hundreds digit of 292*(-5 + 36/6) + 1?
2
Let x = 4092 + -2320. What is the thousands digit of x?
1
Let u be ((-2)/6)/(7/(-105)). Suppose x - 80 = u*x. Let h = -15 - x. What is the units digit of h?
5
Let r = -14 - -27. Suppose -5*d + 8*d = 4*w - 161, 120 = 3*w - 3*d. Let y = w - r. What is the units digit of y?
8
Let r = 1690 - 993. What is the tens digit of r?
9
Suppose f - 6*f + 55 = 0. Suppose f*j + w - 540 = 6*j, 5*j = -5*w + 540. What is the units digit of j?
8
Let a = 2 + -4. Let r(o) = -2*o**2 - 7*o - 5. What is the units digit of r(a)?
1
Let n(p) = p**3 + 6*p**2 + 5*p - 3. Let v be n(-4). Let k = v - 18. What is the units digit of (-10)/(-7) + k/21?
1
Let h(x) = 2*x - 8. Let v = -4 - -11. Let r be h(v). Let a = -1 + r. What is the units digit of a?
5
What is the tens digit of 39*(49/7 - -8)?
8
Let y(o) = -o**3 - 2*o**2 + 2*o + 506. What is the hundreds digit of y(0)?
5
Suppose -5 = 5*d - 25, d = -5*g + 1894. What is the tens digit of g?
7
Suppose -2*o + 159 + 29 = 0. Let q = o - -8. What is the hundreds digit of q?
1
Suppose -3*w - q + 2531 = 0, w + 2*w - 2515 = -5*q. What is the units digit of w?
5
Let r(s) = s**3 + 11*s**2 - 10*s + 23. Let p be r(-12). Let l = -5 + 8. Let i = l - p. What is the units digit of i?
4
Let p = -122 + 125. Let t = -9 - -14. Suppose -p*n + 181 = 2*f, 0 = -0*n - n - t*f + 43. What is the units digit of n?
3
Suppose 0 = 2*f - 4*f + 662. What is the hundreds digit of f?
3
Let d = -43 + 45. What is the units digit of d/11 - (-19396)/286?
8
Suppose 3*t - 2*t + 2 = 0. Let z be 6/t - (-6 + 3). Suppose 3*q = -z*q + 4*o + 90, -99 = -3*q + o. What is the units digit of q?
4
Let n(v) = -11*v - 36. Let f be n(-10). Suppose 0 = -5*t + 4*t + 4. Suppose 3*z = -t*p + 167, 2*z - 180 = -4*p - f. What is the units digit of z?
1
Let x be (-128)/20 + (-6)/(-15). Let n be 3/x - 2/(-4). Suppose 0 = -n*d - 5*d + 175. What is the tens digit of d?
3
Suppose 0 = -4*i - 4*f - 128, 0 = -5*i - 3*f - 110 - 44. Let z = 33 + i. Suppose z*j - 12 = 12. What is the units digit of j?
6
Let u(c) = -c**3 + 9*c**2 - 8*c + 10. Let r be u(8). Suppose 0 = 6*v - v - r. Suppose -4*j - 40 = -2*b, -b - j + 53 = v*b. What is the units digit of b?
8
Let f be 5 + 5 + -2 + -2. Let a(x) = -x - x - 4 + 7*x. What is the tens digit of a(f)?
2
Suppose -o + r = -253, 2*o - 4*r - 232 = 278. What is the units digit of o?
1
Let w(j) = 2*j**2 - 3*j + 555. What is the tens digit of w(0)?
5
Let k = -105 + 109. Suppose -4*w - 91 = -5*w + k*j, -3*j = -2*w + 167. What is the units digit of w?
9
Let k = -66 + -45. Let n = 112 + k. What is the units digit of n?
1
Suppose -805 = -6*q + 161. What is the tens digit of q?
6
Suppose -2918 = -3*a + y, -3*a = -7*y + 12*y - 2906. What is the tens digit of a?
7
Let d(o) = 6*o**2 - 1. Let u(l) = l**2 - 4*l + 2. Let s be 1 - -3*(-4)/(-6). Let f be u(s). What is the units digit of d(f)?
5
Suppose -3*n + 6*n - 18 = 0. Suppose -2*j = -0*j. Suppose j = -s + n. What is the units digit of s?
6
Let j = 338 - 120. What is the hundreds digit of j?
2
Let a(o) = -3*o - 38. Let c be a(0). Let l = 140 + c. What is the tens digit of l?
0
Suppose -116 - 66 = -k. Let z = k + -103. What is the tens digit of z?
7
Suppose -78 = -